= -1. Let j(k) = 6*k - 5. Let n(z) = -j(z) + 4*w(z). Let x = 10 - 16. Is n(x) composite?
False
Suppose -5*f = -310 + 55. Is f composite?
True
Let k(m) = m**2 + 14*m + 25. Is k(-16) prime?
False
Suppose -g + 3*b - 51 = 2*g, 0 = 3*g + 5*b + 11. Is (-1)/(-4) + (-4041)/g a prime number?
True
Let l = 29 + 25. Is ((-22)/33)/((-4)/l) a prime number?
False
Let x = -6 + 5. Is 17 - x - (-5 + 4) a prime number?
True
Suppose -5*m = -2*h + 354, 0*m - 4*m = -5*h + 885. Is h a composite number?
True
Suppose -n - 2*n + 6 = 0. Suppose 2 = 4*w - n. Let o(l) = 84*l - 1. Is o(w) prime?
True
Suppose 4*b + 31 = -1. Let q = b - -43. Is q a composite number?
True
Let z(i) = i**3 - 3*i**2 + 3. Let l be z(3). Suppose l*k + 2 - 14 = 0. Suppose -k*f + 175 = f. Is f a composite number?
True
Let u be ((-578)/(-3))/(12/306). Suppose 653 = 3*t + u. Is (-12)/(-54) + t/(-9) prime?
False
Let d = 1433 + -756. Is d composite?
False
Let f(d) = d + 4861. Is f(0) a prime number?
True
Suppose -5*h + 36 = 6. Let r(p) = p**3 - 4*p**2 - 9*p + 5. Is r(h) a composite number?
False
Let p be 285/55 + (-4)/22. Let z(f) = -f + 1 + p*f + 5*f. Is z(6) composite?
True
Let t(n) = n - 3. Let x be t(3). Suppose -s = -x*s + 45. Let m = 76 + s. Is m composite?
False
Suppose 0 = -4*x + 93 + 1511. Is x a prime number?
True
Let t(m) = -4*m**2 + 2*m - 1. Let i be t(1). Let w(b) = 29*b - 4. Let q(z) = -29*z + 4. Let s(l) = -4*q(l) - 5*w(l). Is s(i) a composite number?
True
Let g(v) = -26*v - 7. Suppose 0 = 5*b - 15, -2*f + 5*b - 4*b = 15. Is g(f) composite?
False
Let g(f) = -f**3 + f + 471. Is g(0) a composite number?
True
Suppose 52 = x + x. Suppose s - x = -s. Is s composite?
False
Suppose 0 = -0*q - 6*q - 48. Let p(j) = 5*j**3 - 13*j**2 + 8*j - 5. Let i(r) = -r**3 + r**2 - r + 1. Let l(w) = 6*i(w) + p(w). Is l(q) prime?
False
Suppose 0 = 8*q - 1361 - 695. Is q a prime number?
True
Suppose 2*u + n = 359, 0 = -5*u + n - 2*n + 902. Is u prime?
True
Let y(r) = 9*r + 4. Is y(6) composite?
True
Let o(d) = d**2 + 3*d + 1. Let k be o(-4). Suppose 8*l - k*l = 6. Suppose -69 = -l*u + 257. Is u prime?
True
Let z = -174 + 495. Is z composite?
True
Let m = -1852 + 3003. Is m a composite number?
False
Suppose 5*t = -5*s + 23720, -5*t + 2*s + 14207 = -2*t. Is t composite?
True
Let c(f) = -18*f + 9. Let s(r) = -r. Let a(w) = -c(w) - 4*s(w). Is a(4) prime?
True
Is 3/(-6) + (-150)/(-4) a composite number?
False
Let w = 7 - -19. Suppose -w = -4*h + 2*h. Is h prime?
True
Let y be (-1)/((-2)/8 - 0). Suppose -79 = -5*m - y*o, -4*m + 2*o + o = -57. Is m a composite number?
True
Is 4/(-6) + (-41599)/(-51) a composite number?
True
Is (1335/60)/((-1)/(-4)) a prime number?
True
Suppose 3*n + 3*z - 1857 = 0, 4*z - 14 = 6. Is n a prime number?
False
Suppose -3*j - 257 = -i, -2*j + 1050 = 4*i - 3*j. Is i a composite number?
False
Suppose 4*f + 103 = 3*x + 260, -188 = -5*f + x. Suppose 3*g + f = 5*m, -4*m - m + 13 = 3*g. Is m/(-5)*-1*31 composite?
False
Suppose -5*c - t = -5*t - 1679, 3*t - 1002 = -3*c. Is c a composite number?
True
Let l(g) = -g**3 - 8*g**2 - 11*g - 9. Let q be l(-7). Let h = 120 + q. Is h a composite number?
False
Let n be -3 - (140 + -4 + 1). Is 22/(-4)*n/10 a composite number?
True
Suppose 0 = 5*l - 4*l + 2*m - 8, -4*l + 23 = 5*m. Suppose -172 = -l*f + 6. Is f prime?
True
Is 7/(35/610) - 3 a composite number?
True
Let x(b) = 63*b + 2. Let p be x(2). Suppose -w + p = -15. Is w composite?
True
Let v = 26 - 24. Suppose -5*t = -v*g - 1015, -3*g - 2 = 13. Is t prime?
False
Let r = 22 + -15. Suppose 3*s = r*s - 28. Is s a prime number?
True
Suppose 3*p - 1848 = 3*w, -1 + 7 = -3*w. Is p a prime number?
False
Suppose -w - 66 = -4*d + 3*d, -3*w = 4*d - 285. Is d a composite number?
True
Suppose 169 = -4*l - y, -2*l + y = 77 + 12. Let t(b) = -b**2 - 5*b + 4. Let j be t(-6). Is l/(-3) + j/6 prime?
False
Suppose 5*s - 18 = -8. Suppose 0 = s*v - 10, -3*v = i + 3*i - 347. Is i a prime number?
True
Let l(f) = -f**2 + f + 1. Let w(b) = -6*b**2 - b - 7. Let d(o) = -4*l(o) - w(o). Is d(2) composite?
False
Is 623/4 - 9/12 a prime number?
False
Suppose -x - x + 38 = 0. Is x prime?
True
Suppose 3*y - 5*b - 23 = 2*y, 0 = -4*y + b - 3. Let j = y + 3. Is 2 + (j*16 - -1) a prime number?
True
Suppose -4*n + 24 = 4*q, -3*q + 5*n - 4 - 10 = 0. Suppose q*f = 4*f - 434. Is f prime?
False
Let q(n) = -n**3 + 12*n**2 - 10*n - 8. Let p be q(11). Let o = 6 - p. Is o composite?
False
Let t(r) = 1 - r**2 - r**3 - 3 - r - 5*r**2 - r. Suppose 0 = -4*k - 32 + 8. Is t(k) a composite number?
True
Suppose -y - 15 = -3*i, 20 = -0*i + 4*i - 3*y. Suppose 0*b = 4*b - i*m + 33, -b = -5*m + 27. Is 99/b*(-2)/3 composite?
True
Let r(g) be the first derivative of g**6/360 + g**5/120 + g**4/24 - g**3 - 1. Let c(i) be the third derivative of r(i). Is c(-7) composite?
False
Let b = 26 + 65. Is b prime?
False
Let m = 299 - -56. Is m a prime number?
False
Let k(s) = -12*s**2 + 8*s - 8. Let a be k(-8). Is 1/(-3) + a/(-36) prime?
True
Let n(l) = l**3 - 13*l**2 + 2*l + 9. Is n(14) composite?
False
Let g = -138 - -206. Suppose -4*y + 6*y - g = 0. Let s = y - -57. Is s composite?
True
Let q = -862 + 1815. Is q a prime number?
True
Let i be (-4)/(-14) - (-183)/21. Suppose 5*j + i = 2*m, -2*j - j + 49 = 2*m. Is (-5)/(-1)*1*m composite?
True
Let j be (-4)/(-22) - (-326)/22. Is (j + 4)*(3 + 0) a composite number?
True
Suppose -3554 = -3*j + 6469. Is j a prime number?
False
Let r(q) = -5*q**3 - 1. Let s be r(-1). Suppose 0 = s*x + 9 - 29. Suppose -4*h - 50 = -x*v, -5*v + 2*h + 80 = 4*h. Is v a composite number?
True
Let g(b) = b**3 + 6*b**2 - 7*b. Let q be g(-7). Suppose 3*n + q*n - 615 = 0. Is n a composite number?
True
Suppose j - 6*j = -5935. Is j composite?
False
Let u = 14 - 4. Suppose -5*n + 95 + u = 0. Is n a composite number?
True
Suppose -5*p = -4*g - 1, 1 + 5 = 2*g + 4*p. Let r be (g/2)/(2/192). Let k = -34 + r. Is k composite?
True
Let x(f) = -114*f + 13. Is x(-5) prime?
False
Let f(r) = 6*r**2 - 2*r - 1. Is f(-1) a prime number?
True
Suppose m = 5*y - 7, -8*m + 22 = 5*y - 4*m. Suppose -y*c + 107 = -51. Is c composite?
False
Let l(n) = 130*n + 29. Is l(5) a prime number?
False
Let d(k) = 10*k**3 + k**2 - 4*k + 1. Is d(4) prime?
True
Let a(y) = 2*y + 7. Let d be a(-6). Let m be (0 + 0)*(6 + d). Let o(w) = w + 79. Is o(m) a composite number?
False
Let n(k) = k - 2. Let j be n(7). Let y(i) = 0*i - 4*i**3 - 5*i**2 + 2*i**3 - j*i - 2 + 1. Is y(-4) a composite number?
False
Let h(x) = 39*x**2 + 4. Let v be h(3). Suppose -3*k + v = 4*b, -6 + 3 = k. Is b a composite number?
True
Suppose 3*m = -2*t + 1889, 3*t + 2*m - 2831 = -0*m. Is t composite?
True
Let m = 211 + -24. Is m a composite number?
True
Let a be -26*((-3)/(-6) + -3). Is (6/15)/(1/a) a prime number?
False
Let j = 6 + -6. Suppose 3*c - b - 228 = -0*b, 4*c + b - 311 = j. Is c prime?
False
Let v be 2/4 - (-102)/4. Let z be v - (0/(-1) - 2). Is ((-7)/2)/((-2)/z) prime?
False
Suppose b + 460 = 5*m - 4*b, -2*m = -b - 182. Suppose -3*f = -r + 25, 0 = 3*r + 2*f - 18 - m. Let s = -1 + r. Is s composite?
True
Suppose -3*d = -5*z - 369, 8*d + 3*z - 369 = 5*d. Suppose -5*l + b = -0*b - d, 3*l - 81 = -3*b. Is l a prime number?
False
Suppose 0 = 4*b - 0*b - 48. Suppose 0 = -5*x + b + 38. Suppose d + 2 = 0, x*c + 5*d - 895 = 5*c. Is c prime?
True
Suppose 2*u = 3*u - 3. Suppose -2*k + 56 = 5*m + 10, k - u*m - 23 = 0. Is k a prime number?
True
Let u be (-12)/4*(-164)/6. Let t = u + 1. Is t prime?
True
Suppose -k = 1170 - 138. Let x = -737 - k. Is x a prime number?
False
Suppose 11*y - 12*y = -21. Is y a prime number?
False
Let p(q) = q**3 - 3*q**2 + 4*q - 2. Let l be p(3). Let f be (-732)/l + (-1)/(-5). Let h = 110 + f. Is h a composite number?
False
Let r(i) be the first derivative of i**2/2 - 18*i + 2. Let y be r(10). Let w(x) = -x**3 - 5*x**2 - x + 11. Is w(y) a composite number?
False
Let b be (28/10)/(1/5). Suppose -24 = -3*j - 9. Let r = b + j. Is r a prime number?
True
Suppose 40 + 91 = b. Let o = b - 37. Is o composite?
True
Suppose -4*j + 5976 + 6132 = 0. Is j a composite number?
True
Let b(n) = n**3 + 5*n - 2. Let m be b(6). Suppose 2*i + 2*h - m = 0, 4*h - 376 = -3*i + 3*h. Is i composite?
False
Let k = -3554 + 9333. Is k a composite number?
False
Let y be (-3)/(-6) + (-6759)/(-6). Suppose -5*v = -3*m - y, -4*v + 8